{"id":80,"date":"2025-02-28T08:43:39","date_gmt":"2025-02-28T07:43:39","guid":{"rendered":"https:\/\/airspe.org\/?page_id=80"},"modified":"2025-05-06T18:04:45","modified_gmt":"2025-05-06T16:04:45","slug":"normes-de-publication","status":"publish","type":"page","link":"https:\/\/airspe.org\/index.php\/la-revue\/normes-de-publication\/","title":{"rendered":"Normes de publication"},"content":{"rendered":"\n<h2 class=\"wp-block-heading\">Mise en page<\/h2>\n\n\n\n<p><strong>Marges<\/strong><\/p>\n\n\n\n<p>Haut 5 cm<br>Bas 5 cm<br>Gauche 4,5 cm<br>Droite 4,5 cm<br>Reliure 0 cm<br>En-t\u00eate 0 cm<br>Pied de page 4 cm<\/p>\n\n\n\n<p>Pas de feuille de style, \u00e9viter les sauts de sections (pour \u00e9viter les probl\u00e8mes de pagination ou de formatage des actes).<\/p>\n\n\n\n<p>Le d\u00e9calage en d\u00e9but de paragraphe doit \u00eatre de 0 cm.<\/p>\n\n\n\n<p><strong>Taille des communications<\/strong><\/p>\n\n\n\n<p>35.000 caract\u00e8res<a href=\"#sdfootnote1sym\" id=\"sdfootnote1anc\"><sup>1<\/sup><\/a> (espaces compris) maximum, en incluant dans le calcul les notes et les r\u00e9f\u00e9rences (simple interlignage ; graphiques et r\u00e9f\u00e9rences bibliographiques comprises).<\/p>\n\n\n\n<p><strong>Interlignage<\/strong>\u00a0: simple (corps du texte, encadr\u00e9s, annexes).<\/p>\n\n\n\n<p><strong>Police de caract\u00e8res&nbsp;<\/strong><strong>: <\/strong><em>Times<\/em><\/p>\n\n\n\n<p>Titre de la communication: en taille 12, texte centr\u00e9, caract\u00e8res gras (pas de capitales).<\/p>\n\n\n\n<p>Mention du (des) pr\u00e9nom(s) et du (des) nom(s) de(s) l\u2019auteur(s) : taille 12, texte centr\u00e9, caract\u00e8res gras et en italique (pas de capitales).<\/p>\n\n\n\n<p>Mention de la fonction et du rattachement scientifique en note 1 de bas de page.<\/p>\n\n\n\n<p>R\u00e9sum\u00e9 (4 \u00e0 10 lignes) et mots-cl\u00e9s (limit\u00e9s \u00e0 6), <em><u>abstract<\/u><\/em><em><u>et keywords<\/u><\/em>&nbsp;: taille 10<\/p>\n\n\n\n<p>Corps du texte : taille 11, texte justifi\u00e9.<\/p>\n\n\n\n<p>Les citations d\u2019auteurs dans le corps du texte sont du type (Meirieu, 2012, p. 143) la pr\u00e9sentation compl\u00e8te figurant dans les r\u00e9f\u00e9rences bibliographiques.<\/p>\n\n\n\n<p>Notes de bas de page&nbsp;: taille 9, texte justifi\u00e9.<\/p>\n\n\n\n<p>La pr\u00e9sence de ces notes de bas de page exclut absolument l\u2019existence de notes en fin de communication. On ne doit pas sauter de lignes entre les notes de bas de page. Les appels pour les notes de bas de page, figurant dans le texte, doivent \u00eatre positionn\u00e9s \u00ab en exposant \u00bb et doivent avoir le m\u00eame corps que le texte des notes (taille 9).<\/p>\n\n\n\n<p>R\u00e9f\u00e9rences bibliographiques&nbsp;: taille 10<\/p>\n\n\n\n<p><strong>Num\u00e9rotation des pages<\/strong><\/p>\n\n\n\n<p>Bas de page (2<sup>e<\/sup> ligne), positionnement central (taille12). M\u00eame police que le texte.<\/p>\n\n\n\n<p><strong>Encadr\u00e9s, cartes et graphiques<\/strong><\/p>\n\n\n\n<p>Ils sont int\u00e9gr\u00e9s au sein du texte (et ne sont donc pas renvoy\u00e9s \u00e0 la fin du texte).<\/p>\n\n\n\n<h2 class=\"wp-block-heading\"><strong>R\u00e9f\u00e9rences bibliographiques<\/strong><\/h2>\n\n\n\n<p>D\u2019une mani\u00e8re g\u00e9n\u00e9rale, il ne faut mentionner que les r\u00e9f\u00e9rences bibliographiques <em>strictement <\/em>concern\u00e9es par l\u2019objet de la communication et donc cit\u00e9es au sein du texte. Il faut donc \u00e9viter de cr\u00e9er, \u00e0 c\u00f4t\u00e9 des r\u00e9f\u00e9rences bibliographiques, une \u00ab bibliographie \u00bb compl\u00e9mentaire.<\/p>\n\n\n\n<p><strong>Pour un ouvrage<\/strong><br>Le Moigne J.-L., 1995, <em>Les \u00e9pist\u00e9mologies constructivistes<\/em>, Paris\u00a0: PUF<\/p>\n\n\n\n<p><strong>Pour un article<\/strong><br>Vannereau, J., 2014, Analyse des pratiques manag\u00e9riales et p\u00e9dagogie institutionnelle, <em>L\u2019ann\u00e9e de la recherche en sciences de l\u2019\u00e9ducation<\/em>, p. 151 \u2013 174.<\/p>\n\n\n\n<p><strong>Pour un ouvrage collectif<\/strong><br>Pag\u00e8s M., Bonetti, M., de Gaulejac V., Descendre D., 1979, <em>L\u2019emprise de l\u2019organisation<\/em>, Paris\u00a0: PUF.<\/p>\n\n\n\n<p><strong>Pour un chapitre dans un ouvrage collectif<\/strong><br>Guiraud, M., 2003, De la symbolisation institutionnelle, \u2014 \u00ab\u00a0Enqu\u00eate institutionnaliste\u00a0\u00bb sur un certain \u00ab\u00a0vide conceptuel\u00a0\u00bb, in <em>Actualit\u00e9 de la th\u00e9orie de l\u2019institution<\/em>, s\/d Ardoino J., Boumard P., Sallaberry JC, Paris, L\u2019Harmattan (Cognition et Formation), p. 127-157.<\/p>\n\n\n\n<p><strong>Pour une communication lors d\u2019un colloque<\/strong><br>Ardoino J., Colloque AECSE \u00ab\u00a0Sciences anthropo-sociales et sciences de l\u2019\u00e9ducation\u00a0\u00bb, Paris, 1983. Actes p. 148.<\/p>\n\n\n\n<p><strong>Attention: pas de retrait (positif ou n\u00e9gatif) dans la pr\u00e9sentation des r\u00e9f\u00e9rences bibliographiques. Elles se suivent \u00e0 l\u2019image des exemples suivants\u00a0:<\/strong><\/p>\n\n\n\n<p>Ardoino J., Colloque AECSE \u00ab\u00a0Sciences anthropo-sociales et sciences de l\u2019\u00e9ducation\u00a0\u00bb, Paris, 1983. Actes p 148.<br>Guiraud, M., 2003, De la symbolisation institutionnelle, \u2014 \u00ab\u00a0Enqu\u00eate institutionnaliste\u00a0\u00bb sur un certain \u00ab\u00a0vide conceptuel\u00a0\u00bb, in <em>Actualit\u00e9 de la th\u00e9orie de l\u2019institution<\/em>, s\/d Ardoino J., Boumard P., Sallaberry JC, Paris, L\u2019Harmattan (Cognition et Formation), p. 127-157.<br>Le Moigne J.-L., 1995, <em>Les \u00e9pist\u00e9mologies constructivistes<\/em>, Paris\u00a0: PUF.<br>Pages M., Bonetti, M., de Gaulejac V., Descendre D., 1979, <em>L\u2019emprise de l\u2019organisation<\/em>, Paris\u00a0: PUF.<br>Vannereau, J., 2014, Analyse des pratiques manag\u00e9riales et p\u00e9dagogie institutionnelle, <em>L\u2019ann\u00e9e de la recherche en sciences de l\u2019\u00e9ducation<\/em>, p. 151 \u2013 174.<\/p>\n\n\n\n<p><a href=\"#sdfootnote1anc\" id=\"sdfootnote1sym\">1<\/a> \u00c0 r\u00e9gler en fonction de la contrainte propre \u00e0 chaque num\u00e9ro.<\/p>\n\n\n\n<p><\/p>\n","protected":false},"excerpt":{"rendered":"<p>Mise en page Marges Haut 5 cmBas 5 cmGauche 4,5 cmDroite 4,5 cmReliure 0 cmEn-t\u00eate 0 cmPied de page 4 cm Pas de feuille de style, \u00e9viter les sauts de sections (pour \u00e9viter les probl\u00e8mes de pagination ou de formatage des actes). Le d\u00e9calage en d\u00e9but de paragraphe doit \u00eatre de 0 cm. Taille des [&hellip;]<\/p>\n","protected":false},"author":1,"featured_media":0,"parent":139,"menu_order":0,"comment_status":"closed","ping_status":"closed","template":"","meta":{"site-sidebar-layout":"default","site-content-layout":"","ast-site-content-layout":"default","site-content-style":"default","site-sidebar-style":"default","ast-global-header-display":"","ast-banner-title-visibility":"","ast-main-header-display":"","ast-hfb-above-header-display":"","ast-hfb-below-header-display":"","ast-hfb-mobile-header-display":"","site-post-title":"","ast-breadcrumbs-content":"","ast-featured-img":"","footer-sml-layout":"","ast-disable-related-posts":"","theme-transparent-header-meta":"","adv-header-id-meta":"","stick-header-meta":"","header-above-stick-meta":"","header-main-stick-meta":"","header-below-stick-meta":"","astra-migrate-meta-layouts":"default","ast-page-background-enabled":"default","ast-page-background-meta":{"desktop":{"background-color":"var(--ast-global-color-5)","background-image":"","background-repeat":"repeat","background-position":"center center","background-size":"auto","background-attachment":"scroll","background-type":"","background-media":"","overlay-type":"","overlay-color":"","overlay-opacity":"","overlay-gradient":""},"tablet":{"background-color":"","background-image":"","background-repeat":"repeat","background-position":"center center","background-size":"auto","background-attachment":"scroll","background-type":"","background-media":"","overlay-type":"","overlay-color":"","overlay-opacity":"","overlay-gradient":""},"mobile":{"background-color":"","background-image":"","background-repeat":"repeat","background-position":"center center","background-size":"auto","background-attachment":"scroll","background-type":"","background-media":"","overlay-type":"","overlay-color":"","overlay-opacity":"","overlay-gradient":""}},"ast-content-background-meta":{"desktop":{"background-color":"var(--ast-global-color-4)","background-image":"","background-repeat":"repeat","background-position":"center center","background-size":"auto","background-attachment":"scroll","background-type":"","background-media":"","overlay-type":"","overlay-color":"","overlay-opacity":"","overlay-gradient":""},"tablet":{"background-color":"var(--ast-global-color-4)","background-image":"","background-repeat":"repeat","background-position":"center center","background-size":"auto","background-attachment":"scroll","background-type":"","background-media":"","overlay-type":"","overlay-color":"","overlay-opacity":"","overlay-gradient":""},"mobile":{"background-color":"var(--ast-global-color-4)","background-image":"","background-repeat":"repeat","background-position":"center center","background-size":"auto","background-attachment":"scroll","background-type":"","background-media":"","overlay-type":"","overlay-color":"","overlay-opacity":"","overlay-gradient":""}},"footnotes":""},"class_list":["post-80","page","type-page","status-publish","hentry"],"_links":{"self":[{"href":"https:\/\/airspe.org\/index.php\/wp-json\/wp\/v2\/pages\/80","targetHints":{"allow":["GET"]}}],"collection":[{"href":"https:\/\/airspe.org\/index.php\/wp-json\/wp\/v2\/pages"}],"about":[{"href":"https:\/\/airspe.org\/index.php\/wp-json\/wp\/v2\/types\/page"}],"author":[{"embeddable":true,"href":"https:\/\/airspe.org\/index.php\/wp-json\/wp\/v2\/users\/1"}],"replies":[{"embeddable":true,"href":"https:\/\/airspe.org\/index.php\/wp-json\/wp\/v2\/comments?post=80"}],"version-history":[{"count":3,"href":"https:\/\/airspe.org\/index.php\/wp-json\/wp\/v2\/pages\/80\/revisions"}],"predecessor-version":[{"id":288,"href":"https:\/\/airspe.org\/index.php\/wp-json\/wp\/v2\/pages\/80\/revisions\/288"}],"up":[{"embeddable":true,"href":"https:\/\/airspe.org\/index.php\/wp-json\/wp\/v2\/pages\/139"}],"wp:attachment":[{"href":"https:\/\/airspe.org\/index.php\/wp-json\/wp\/v2\/media?parent=80"}],"curies":[{"name":"wp","href":"https:\/\/api.w.org\/{rel}","templated":true}]}}

<h2 class="wp-block-heading">Mise en page</h2>



<p><strong>Marges</strong></p>



<p>Haut 5 cm<br>Bas 5 cm<br>Gauche 4,5 cm<br>Droite 4,5 cm<br>Reliure 0 cm<br>En-tête 0 cm<br>Pied de page 4 cm</p>



<p>Pas de feuille de style, éviter les sauts de sections (pour éviter les problèmes de pagination ou de formatage des actes).</p>



<p>Le décalage en début de paragraphe doit être de 0 cm.</p>



<p><strong>Taille des communications</strong></p>



<p>35.000 caractères<a href="#sdfootnote1sym" id="sdfootnote1anc"><sup>1</sup></a> (espaces compris) maximum, en incluant dans le calcul les notes et les références (simple interlignage ; graphiques et références bibliographiques comprises).</p>



<p><strong>Interlignage</strong> : simple (corps du texte, encadrés, annexes).</p>



<p><strong>Police de caractères&nbsp;</strong><strong>: </strong><em>Times</em></p>



<p>Titre de la communication: en taille 12, texte centré, caractères gras (pas de capitales).</p>



<p>Mention du (des) prénom(s) et du (des) nom(s) de(s) l’auteur(s) : taille 12, texte centré, caractères gras et en italique (pas de capitales).</p>



<p>Mention de la fonction et du rattachement scientifique en note 1 de bas de page.</p>



<p>Résumé (4 à 10 lignes) et mots-clés (limités à 6), <em><u>abstract</u></em><em><u>et keywords</u></em>&nbsp;: taille 10</p>



<p>Corps du texte : taille 11, texte justifié.</p>



<p>Les citations d’auteurs dans le corps du texte sont du type (Meirieu, 2012, p. 143) la présentation complète figurant dans les références bibliographiques.</p>



<p>Notes de bas de page&nbsp;: taille 9, texte justifié.</p>



<p>La présence de ces notes de bas de page exclut absolument l’existence de notes en fin de communication. On ne doit pas sauter de lignes entre les notes de bas de page. Les appels pour les notes de bas de page, figurant dans le texte, doivent être positionnés « en exposant » et doivent avoir le même corps que le texte des notes (taille 9).</p>



<p>Références bibliographiques&nbsp;: taille 10</p>



<p><strong>Numérotation des pages</strong></p>



<p>Bas de page (2<sup>e</sup> ligne), positionnement central (taille12). Même police que le texte.</p>



<p><strong>Encadrés, cartes et graphiques</strong></p>



<p>Ils sont intégrés au sein du texte (et ne sont donc pas renvoyés à la fin du texte).</p>



<h2 class="wp-block-heading"><strong>Références bibliographiques</strong></h2>



<p>D’une manière générale, il ne faut mentionner que les références bibliographiques <em>strictement </em>concernées par l’objet de la communication et donc citées au sein du texte. Il faut donc éviter de créer, à côté des références bibliographiques, une « bibliographie » complémentaire.</p>



<p><strong>Pour un ouvrage</strong><br>Le Moigne J.-L., 1995, <em>Les épistémologies constructivistes</em>, Paris : PUF</p>



<p><strong>Pour un article</strong><br>Vannereau, J., 2014, Analyse des pratiques managériales et pédagogie institutionnelle, <em>L’année de la recherche en sciences de l’éducation</em>, p. 151 – 174.</p>



<p><strong>Pour un ouvrage collectif</strong><br>Pagès M., Bonetti, M., de Gaulejac V., Descendre D., 1979, <em>L’emprise de l’organisation</em>, Paris : PUF.</p>



<p><strong>Pour un chapitre dans un ouvrage collectif</strong><br>Guiraud, M., 2003, De la symbolisation institutionnelle, — « Enquête institutionnaliste » sur un certain « vide conceptuel », in <em>Actualité de la théorie de l’institution</em>, s/d Ardoino J., Boumard P., Sallaberry JC, Paris, L’Harmattan (Cognition et Formation), p. 127-157.</p>



<p><strong>Pour une communication lors d’un colloque</strong><br>Ardoino J., Colloque AECSE « Sciences anthropo-sociales et sciences de l’éducation », Paris, 1983. Actes p. 148.</p>



<p><strong>Attention: pas de retrait (positif ou négatif) dans la présentation des références bibliographiques. Elles se suivent à l’image des exemples suivants :</strong></p>



<p>Ardoino J., Colloque AECSE « Sciences anthropo-sociales et sciences de l’éducation », Paris, 1983. Actes p 148.<br>Guiraud, M., 2003, De la symbolisation institutionnelle, — « Enquête institutionnaliste » sur un certain « vide conceptuel », in <em>Actualité de la théorie de l’institution</em>, s/d Ardoino J., Boumard P., Sallaberry JC, Paris, L’Harmattan (Cognition et Formation), p. 127-157.<br>Le Moigne J.-L., 1995, <em>Les épistémologies constructivistes</em>, Paris : PUF.<br>Pages M., Bonetti, M., de Gaulejac V., Descendre D., 1979, <em>L’emprise de l’organisation</em>, Paris : PUF.<br>Vannereau, J., 2014, Analyse des pratiques managériales et pédagogie institutionnelle, <em>L’année de la recherche en sciences de l’éducation</em>, p. 151 – 174.</p>



<p><a href="#sdfootnote1anc" id="sdfootnote1sym">1</a> À régler en fonction de la contrainte propre à chaque numéro.</p>



<p></p>

<p>Mise en page Marges Haut 5 cmBas 5 cmGauche 4,5 cmDroite 4,5 cmReliure 0 cmEn-tête 0 cmPied de page 4 cm Pas de feuille de style, éviter les sauts de sections (pour éviter les problèmes de pagination ou de formatage des actes). Le décalage en début de paragraphe doit être de 0 cm. Taille des [&hellip;]</p>
