{"id":305,"date":"2025-06-21T11:07:45","date_gmt":"2025-06-21T09:07:45","guid":{"rendered":"https:\/\/airspe.org\/?page_id=305"},"modified":"2025-06-21T11:34:02","modified_gmt":"2025-06-21T09:34:02","slug":"colloques","status":"publish","type":"page","link":"https:\/\/airspe.org\/index.php\/colloques\/","title":{"rendered":"Colloques"},"content":{"rendered":"\n<p>Colloques internationaux organis\u00e9s par l\u2019AFIRSE Section fran\u00e7aise, devenue l\u2019AIRSP\u00c9<\/p>\n\n\n\n<h2 class=\"wp-block-heading\">La recherche en \u00e9ducation dans le contexte de l\u2019anthropoc\u00e8ne<\/h2>\n\n\n\n<p>Organis\u00e9 par l\u2019AFIRSE section fran\u00e7aise, en partenariat avec l\u2019AFIRSE section mexicaine et le laboratoire EXPERICE, les 12 et 13 novembre 2022 au Campus Condorcet, Aubervilliers.<\/p>\n\n\n\n<p><a href=\"https:\/\/shs.hal.science\/halshs-03829298v1\" data-type=\"link\" data-id=\"https:\/\/shs.hal.science\/halshs-03829298v1\">Lire les actes<\/a><\/p>\n\n\n\n<p><a href=\"https:\/\/soundcloud.com\/universiteparis8\/sets\/la-recherche-en-education-anthropocene\" data-type=\"link\" data-id=\"https:\/\/soundcloud.com\/universiteparis8\/sets\/la-recherche-en-education-anthropocene\">Ecouter les enregistrements<\/a><\/p>\n\n\n\n<h2 class=\"wp-block-heading\">\u00c9ducation et Cognition \u2014 des \u00e9l\u00e9ments th\u00e9oriques amen\u00e9s par diverses mod\u00e9lisations \u00e0 la p\u00e9dagogie Freinet<\/h2>\n\n\n\n<p>Organis\u00e9 par l\u2019AFIRSE section fran\u00e7aise, avec l\u2019appui de l\u2019INSPE Aquitaine (Universit\u00e9 de Bordeaux) et de l\u2019ENSC (\u00c9cole Nationale Sup\u00e9rieure de Cognitique, les 8, 9 et 10 Juillet 2019 \u00e0 Bordeaux.<\/p>\n\n\n\n<h2 class=\"wp-block-heading\">Coop\u00e9ration, \u00e9ducation, formation : la p\u00e9dagogie Freinet face aux d\u00e9fis du XXIe si\u00e8cle\u2014 (cinquantenaire de la mort de C\u00e9lestin Freinet)<\/h2>\n\n\n\n<p>Organis\u00e9 par l\u2019AFIRSE section fran\u00e7aise, l\u2019ICEM et l\u2019\u00e9quipe EES (Universit\u00e9 de Tours), avec l\u2019appui de l\u2019Universit\u00e9 de Bordeaux, les 10, 11 et 12 juillet 2017 \u00e0 Bordeaux.<\/p>\n\n\n\n<h2 class=\"wp-block-heading\">Les didactiques et leurs rapports \u00e0 l\u2019enseignement et \u00e0 la formation<\/h2>\n\n\n\n<p>Organis\u00e9 par l\u2019AFIRSE section fran\u00e7aise, l\u2019IUFM d\u2019Aquitaine, et le LACES \u2014 Universit\u00e9 Victor Segalen, les 18, 19 et 20 septembre 2008 \u00e0 Bordeaux.<\/p>\n\n\n\n<h2 class=\"wp-block-heading\">Didactiques : quelles r\u00e9f\u00e9rences \u00e9pist\u00e9mologiques ?<\/h2>\n\n\n\n<p>Organis\u00e9 par l\u2019AFIRSE section fran\u00e7aise, avec l\u2019appui de l\u2019IUFM d\u2019Aquitaine et du LACES, les 25, 26 et 27 Mai 2005 \u00e0 Bordeaux.<\/p>\n\n\n\n<h2 class=\"wp-block-heading\">Th\u00e9orisation des pratiques (posture \u00e9pist\u00e9mologique et m\u00e9thode, statut des mod\u00e8les et des mod\u00e9lisations)<\/h2>\n\n\n\n<p>Le premier colloque organis\u00e9 par l\u2019AFIRSE section fran\u00e7aise s\u2019est d\u00e9roul\u00e9 \u00e0 Tours, les 4 et 5 mai 2001. Sa th\u00e9matique \u2014 la th\u00e9orisation des pratiques \u2014 veut s\u2019inscrire dans ce qui caract\u00e9rise le travail de recherche de chacun et chacune d\u2019entre nous, pour lui permettre de questionner sa pratique de recherche \u00e0 partir des aspects qui lui semblent pertinents.<\/p>\n","protected":false},"excerpt":{"rendered":"<p>Colloques internationaux organis\u00e9s par l\u2019AFIRSE Section fran\u00e7aise, devenue l\u2019AIRSP\u00c9 La recherche en \u00e9ducation dans le contexte de l\u2019anthropoc\u00e8ne Organis\u00e9 par l\u2019AFIRSE section fran\u00e7aise, en partenariat avec l\u2019AFIRSE section mexicaine et le laboratoire EXPERICE, les 12 et 13 novembre 2022 au Campus Condorcet, Aubervilliers. Lire les actes Ecouter les enregistrements \u00c9ducation et Cognition \u2014 des \u00e9l\u00e9ments [&hellip;]<\/p>\n","protected":false},"author":1,"featured_media":0,"parent":0,"menu_order":0,"comment_status":"closed","ping_status":"closed","template":"","meta":{"site-sidebar-layout":"default","site-content-layout":"","ast-site-content-layout":"default","site-content-style":"default","site-sidebar-style":"default","ast-global-header-display":"","ast-banner-title-visibility":"","ast-main-header-display":"","ast-hfb-above-header-display":"","ast-hfb-below-header-display":"","ast-hfb-mobile-header-display":"","site-post-title":"","ast-breadcrumbs-content":"","ast-featured-img":"","footer-sml-layout":"","ast-disable-related-posts":"","theme-transparent-header-meta":"","adv-header-id-meta":"","stick-header-meta":"","header-above-stick-meta":"","header-main-stick-meta":"","header-below-stick-meta":"","astra-migrate-meta-layouts":"default","ast-page-background-enabled":"default","ast-page-background-meta":{"desktop":{"background-color":"var(--ast-global-color-5)","background-image":"","background-repeat":"repeat","background-position":"center center","background-size":"auto","background-attachment":"scroll","background-type":"","background-media":"","overlay-type":"","overlay-color":"","overlay-opacity":"","overlay-gradient":""},"tablet":{"background-color":"","background-image":"","background-repeat":"repeat","background-position":"center center","background-size":"auto","background-attachment":"scroll","background-type":"","background-media":"","overlay-type":"","overlay-color":"","overlay-opacity":"","overlay-gradient":""},"mobile":{"background-color":"","background-image":"","background-repeat":"repeat","background-position":"center center","background-size":"auto","background-attachment":"scroll","background-type":"","background-media":"","overlay-type":"","overlay-color":"","overlay-opacity":"","overlay-gradient":""}},"ast-content-background-meta":{"desktop":{"background-color":"var(--ast-global-color-4)","background-image":"","background-repeat":"repeat","background-position":"center center","background-size":"auto","background-attachment":"scroll","background-type":"","background-media":"","overlay-type":"","overlay-color":"","overlay-opacity":"","overlay-gradient":""},"tablet":{"background-color":"var(--ast-global-color-4)","background-image":"","background-repeat":"repeat","background-position":"center center","background-size":"auto","background-attachment":"scroll","background-type":"","background-media":"","overlay-type":"","overlay-color":"","overlay-opacity":"","overlay-gradient":""},"mobile":{"background-color":"var(--ast-global-color-4)","background-image":"","background-repeat":"repeat","background-position":"center center","background-size":"auto","background-attachment":"scroll","background-type":"","background-media":"","overlay-type":"","overlay-color":"","overlay-opacity":"","overlay-gradient":""}},"footnotes":""},"class_list":["post-305","page","type-page","status-publish","hentry"],"_links":{"self":[{"href":"https:\/\/airspe.org\/index.php\/wp-json\/wp\/v2\/pages\/305","targetHints":{"allow":["GET"]}}],"collection":[{"href":"https:\/\/airspe.org\/index.php\/wp-json\/wp\/v2\/pages"}],"about":[{"href":"https:\/\/airspe.org\/index.php\/wp-json\/wp\/v2\/types\/page"}],"author":[{"embeddable":true,"href":"https:\/\/airspe.org\/index.php\/wp-json\/wp\/v2\/users\/1"}],"replies":[{"embeddable":true,"href":"https:\/\/airspe.org\/index.php\/wp-json\/wp\/v2\/comments?post=305"}],"version-history":[{"count":6,"href":"https:\/\/airspe.org\/index.php\/wp-json\/wp\/v2\/pages\/305\/revisions"}],"predecessor-version":[{"id":315,"href":"https:\/\/airspe.org\/index.php\/wp-json\/wp\/v2\/pages\/305\/revisions\/315"}],"wp:attachment":[{"href":"https:\/\/airspe.org\/index.php\/wp-json\/wp\/v2\/media?parent=305"}],"curies":[{"name":"wp","href":"https:\/\/api.w.org\/{rel}","templated":true}]}}