{"id":292,"date":"2025-06-21T09:24:15","date_gmt":"2025-06-21T07:24:15","guid":{"rendered":"https:\/\/airspe.org\/?page_id=292"},"modified":"2025-06-21T09:27:09","modified_gmt":"2025-06-21T07:27:09","slug":"epistemologie-et-ethique","status":"publish","type":"page","link":"https:\/\/airspe.org\/index.php\/la-revue\/numeros-parus\/epistemologie-et-ethique\/","title":{"rendered":"\u00c9pist\u00e9mologie et \u00e9thique"},"content":{"rendered":"\n<p>n\u00b0 2021<\/p>\n\n\n\n<p>Sous la direction de C\u00e9dric Pr\u00e9vot, en coop\u00e9ration avec Denis Morin &amp; Pierre-Johan Laffitte<\/p>\n\n\n\n<p>ISBN : 978-2-343-25554-5<\/p>\n\n\n\n<h2 class=\"wp-block-heading\">R\u00e9sum\u00e9<\/h2>\n\n\n\n<p>\u00c9pist\u00e9mologie et \u00e9thique, indissociables : principe consensuel dans le champ \u00e9ducatif&#8230; tant qu&#8217;il ne d\u00e9range pas nos habitudes d&#8217;\u00e9ducation, enseignement ou recherche. Cela explique que Fernand Oury, fondateur de la p\u00e9dagogie institutionnelle, ait fustig\u00e9 les \u00ab\u00a0psychopompes \u00bb, et mis au fondement de toute parole p\u00e9dagogique : Ne rien dire que nous n&#8217;ayons fait. Simplement.<br>Mais rien n\u2019est plus complexe que la simplicit\u00e9. Et rien n\u2019est plus simple que l&#8217;esquiver. Pour l&#8217;\u00e9pist\u00e9mologie, quel prix \u00e0 payer pour son lien avec l&#8217;\u00e9thique ? Telle est la question de la valeur du savoir, de ses conditions d&#8217;\u00e9mergence o\u00f9 pertinence, \u00e9thique et sens sont indissociables.<br>Champ des sciences humaines et de l&#8217;\u00e9ducation et champ des \u00ab praxis p\u00e9dagogiques\u00a0\u00bb (F. Imbert) convoquant p\u00e9dagogies Freinet et institutionnelle : quelles sont les conditions d&#8217;une rencontre \u00e9gale entre ces deux p\u00f4les dessinant un champ diversement orient\u00e9 (dimension \u00e9thique), pourtant structur\u00e9 (dimension \u00e9pist\u00e9mique) et singuli\u00e8rement investi (dimension d&#8217;h\u00e9t\u00e9rog\u00e9n\u00e9it\u00e9) ? Cet espace polaris\u00e9, nous l&#8217;avons dispos\u00e9 tel un spectre entre deux mondes, o\u00f9 chaque lecteur \u00e9lira son point d&#8217;habitat propre.<\/p>\n\n\n\n<h2 class=\"wp-block-heading\">Sommaire<\/h2>\n\n\n\n<p>\u00c9ditorial<br><font style=\"font-feature-settings: 'smcp'\" font=\"\" size=\"2\">Jean-Claude Sallaberry, Pierre Johan Laffitte<\/font><\/p>\n\n\n\n<p><em>Disposition au sens de ce num\u00e9ro<\/em>. Sciences de l&#8217;\u00e9ducation\/praxis p\u00e9dagogique : Entre deux polarit\u00e9s, un spectre h\u00e9t\u00e9rog\u00e8ne d&#8217;\u00e9critures<br><font style=\"font-feature-settings: 'smcp'\" font=\"\" size=\"2\">C\u00e9dric Pr\u00e9vot, Denis Morin, Pierre Johan Laffitte<\/font><\/p>\n\n\n\n<p><em>A ces pr\u00e9sences sur fond d\u2019absence<\/em>. D\u00e9dicace et hommage<\/p>\n\n\n\n<p style=\"line-height:1.5\">Mod\u00e8les bouddhiques de la conscience<br><font style=\"font-feature-settings: 'smcp'\" font=\"\" size=\"2\">Philippe Lestage<\/font><\/p>\n\n\n\n<p style=\"border-style:none;border-width:0px;line-height:1.5\">De l&#8217;\u00e9pist\u00e9mologie \u00e0 l&#8217;\u00e9thique. Sous le signe de l&#8217;interaction<br><font style=\"font-feature-settings: 'smcp'\" font=\"\" size=\"2\">Jean-Claude Sallaberry<\/font><\/p>\n\n\n\n<p style=\"border-style:none;border-width:0px;line-height:1.5\">Recherches interdisciplinaires et cons\u00e9quences \u00e9pist\u00e9mologiques et \u00e9thiques<br><font style=\"font-feature-settings: 'smcp'\" font=\"\" size=\"2\">Christophe Niewiadomski, Thomas Vannienwenhove<\/font><\/p>\n\n\n\n<p>La d\u00e9marche socio-ethnographique, ou : interroger le sens, l&#8217;\u00e9thique et la pertinence du travail de recherche<br><font style=\"font-feature-settings: 'smcp'\" font=\"\" size=\"2\">V\u00e9ronique Bordes<\/font><\/p>\n\n\n\n<p>Note de lecture &#8211; <em>S&#8217;engager dans la recherche en sciences humaines et sociales,<\/em> par A. Mutuale et G. Berger<br><font style=\"font-feature-settings: 'smcp'\" font=\"\" size=\"2\">Jean-Claude Sallaberyy<\/font><\/p>\n\n\n\n<p>\u00c0 l&#8217;heure de l&#8217;anthropoc\u00e8ne, quels nouveaux enjeux pour la formation ?<br><font style=\"font-feature-settings: 'smcp'\" font=\"\" size=\"2\">Denis Bignalet-Cazalet<\/font><\/p>\n\n\n\n<p>\u00c9thique transdisciplinaire et \u00e9ducation \u00e0 l&#8217;environnement : une r\u00e9ponse aux d\u00e9fis de l&#8217;anthropoc\u00e8ne<br><font style=\"font-feature-settings: 'smcp'\" font=\"\" size=\"2\">Samuel Lopes Pinheiro, Florent Pasquier<\/font><\/p>\n\n\n\n<p>Contribution de la recherche biographique aux enjeux \u00e9ducatifs de l&#8217;anthropoc\u00e8ne. Une recherche-action collaborative en structure de raccrochage scolaire<br><font style=\"font-feature-settings: 'smcp'\" font=\"\" size=\"2\">Val\u00e9rie Melin<\/font><\/p>\n\n\n\n<p>Entre <em>cure<\/em> et <em>care<\/em>. Des effets du kairos sur la recherche dans les m\u00e9tiers de l&#8217;humain, pour les infirmi\u00e8res de l&#8217;\u00c9ducation nationale et de l&#8217;enseignement du sup\u00e9rieur<br><font style=\"font-feature-settings: 'smcp'\" font=\"\" size=\"2\">Jean-Marc Paragot<\/font><\/p>\n\n\n\n<p>Intelligence collective et mouvement de contre-transposition<br><font style=\"font-feature-settings: 'smcp'\" font=\"\" size=\"2\">Muriel Frisch<\/font><\/p>\n\n\n\n<p>Les Chercheurs collectifs coop\u00e9ratifs. Une praxis de recherche en auto-formation enseignante<br><font style=\"font-feature-settings: 'smcp'\" font=\"\" size=\"2\">Olivier Francomme<\/font><\/p>\n\n\n\n<p>De la repr\u00e9sentation environnementale \u00e0 la transformation des pratiques. Recherche-action en co-formation \u00e0 Sumapaz, en Colombie<br><font style=\"font-feature-settings: 'smcp'\" font=\"\" size=\"2\">Adriana Parra Carrasquilla<\/font><\/p>\n\n\n\n<p>Ressources p\u00e9dagogiques en langues am\u00e9rindiennes. De la restitution \u00e0 la re-cr\u00e9ation num\u00e9rique<br><font style=\"font-feature-settings: 'smcp'\" font=\"\" size=\"2\">Karla Janir\u00e9 Avil\u00e9s Gonz\u00e0les, Jean-l\u00e9o L\u00e9onard<\/font><\/p>\n\n\n\n<p>Faire recherche pour ouvrir des possibles. Embarras, dispositif, explicitation<br><font style=\"font-feature-settings: 'smcp'\" font=\"\" size=\"2\">Pascal Nicolas-Le Strat<\/font><\/p>\n\n\n\n<p>Formation du citoyen et formation des enseignants. Un \u00e9cho, une lecture<br><font style=\"font-feature-settings: 'smcp'\" font=\"\" size=\"2\">Jean-Claude Sallaberry<\/font><br>(Contre-point et excursus avec Pierre Johan Laffitte)<\/p>\n\n\n\n<p>La p\u00e9dagogie institutionnelle \u00e0 la confluence des terrains<br><font style=\"font-feature-settings: 'smcp'\" font=\"\" size=\"2\">Richard Lopez<\/font><\/p>\n\n\n\n<p>Pour une \u00e9pist\u00e9mologie des fragilit\u00e9s<br><font style=\"font-feature-settings: 'smcp'\" font=\"\" size=\"2\">C\u00e9dric Pr\u00e9vot, Pierre Johan Laffitte, Denis Morin<\/font><\/p>\n\n\n\n<p>De quoi parlons-nous ?<br><font style=\"font-feature-settings: 'smcp'\" font=\"\" size=\"2\">Maurice Marteau et Gen\u00e8se de la coop\u00e9rative<\/font><\/p>\n\n\n\n<p>Le classeur du visiteur. Une entr\u00e9e et un outil en pratique Freinet<br><font style=\"font-feature-settings: 'smcp'\" font=\"\" size=\"2\">C\u00e9line Bouhours<\/font><\/p>\n\n\n\n<p>P\u00e9dagogie Freinet et suppl\u00e9ance. L&#8217;am\u00e9nagement de l&#8217;espace en question<br><font style=\"font-feature-settings: 'smcp'\" font=\"\" size=\"2\">Clothilde Jouzeau<\/font><\/p>\n\n\n\n<p>Le Quoi de neuf. Accueillir l&#8217;enfant par-del\u00e0 l&#8217;\u00e9l\u00e8ve<br><font style=\"font-feature-settings: 'smcp'\" font=\"\" size=\"2\">Brigitte Vicario<\/font><\/p>\n\n\n\n<p>La table d&#8217;exposition. Une porte d&#8217;ent\u00e9e dans la classe coop\u00e9rative<br><font style=\"font-feature-settings: 'smcp'\" font=\"\" size=\"2\">Isabelle Robin<\/font><\/p>\n\n\n\n<p>Des crises&#8230; \u00e0 la parole<br><font style=\"font-feature-settings: 'smcp'\" font=\"\" size=\"2\">Marguerite Bialas<\/font><\/p>\n\n\n\n<p>Christophe : de la jungle \u00e0 la loi<br><font style=\"font-feature-settings: 'smcp'\" font=\"\" size=\"2\">Jean-CLaude Colson<\/font><\/p>\n\n\n\n<p>Une journ\u00e9e dans un \u00ab chamPIgnon \u00bb de p\u00e9dagogie institutionnelle. D\u00e9cider et \u00e9laborer note p\u00e9dagogie en groupe<br><font style=\"font-feature-settings: 'smcp'\" font=\"\" size=\"2\">Francine Pujol<\/font><\/p>\n\n\n\n<p>Les sarcasmes de Fernand Oury. Un h\u00e9ritage d&#8217;instituteur<br><font style=\"font-feature-settings: 'smcp'\" font=\"\" size=\"2\">Ren\u00e9 Laffitte<\/font><\/p>\n\n\n\n<p>Une utopie n\u00e9cessaire<br><font style=\"font-feature-settings: 'smcp'\" font=\"\" size=\"2\">Fernand Oury<\/font><\/p>\n\n\n\n<p><em>Post-scriptum utopien, ou avant-propos praxique<\/em><\/p>\n\n\n\n<div class=\"wp-block-buttons is-layout-flex wp-block-buttons-is-layout-flex\">\n<div class=\"wp-block-button\"><a class=\"wp-block-button__link wp-element-button\">Acheter le num\u00e9ro<\/a><\/div>\n\n\n\n<div class=\"wp-block-button\"><a class=\"wp-block-button__link wp-element-button\">Lire sur Cairn<\/a><\/div>\n<\/div>\n","protected":false},"excerpt":{"rendered":"<p>n\u00b0 2021 Sous la direction de C\u00e9dric Pr\u00e9vot, en coop\u00e9ration avec Denis Morin &amp; Pierre-Johan Laffitte ISBN : 978-2-343-25554-5 R\u00e9sum\u00e9 \u00c9pist\u00e9mologie et \u00e9thique, indissociables : principe consensuel dans le champ \u00e9ducatif&#8230; tant qu&#8217;il ne d\u00e9range pas nos habitudes d&#8217;\u00e9ducation, enseignement ou recherche. Cela explique que Fernand Oury, fondateur de la p\u00e9dagogie institutionnelle, ait fustig\u00e9 les [&hellip;]<\/p>\n","protected":false},"author":1,"featured_media":0,"parent":84,"menu_order":0,"comment_status":"closed","ping_status":"closed","template":"","meta":{"site-sidebar-layout":"default","site-content-layout":"","ast-site-content-layout":"default","site-content-style":"default","site-sidebar-style":"default","ast-global-header-display":"","ast-banner-title-visibility":"","ast-main-header-display":"","ast-hfb-above-header-display":"","ast-hfb-below-header-display":"","ast-hfb-mobile-header-display":"","site-post-title":"","ast-breadcrumbs-content":"","ast-featured-img":"","footer-sml-layout":"","ast-disable-related-posts":"","theme-transparent-header-meta":"","adv-header-id-meta":"","stick-header-meta":"","header-above-stick-meta":"","header-main-stick-meta":"","header-below-stick-meta":"","astra-migrate-meta-layouts":"default","ast-page-background-enabled":"default","ast-page-background-meta":{"desktop":{"background-color":"var(--ast-global-color-5)","background-image":"","background-repeat":"repeat","background-position":"center center","background-size":"auto","background-attachment":"scroll","background-type":"","background-media":"","overlay-type":"","overlay-color":"","overlay-opacity":"","overlay-gradient":""},"tablet":{"background-color":"","background-image":"","background-repeat":"repeat","background-position":"center center","background-size":"auto","background-attachment":"scroll","background-type":"","background-media":"","overlay-type":"","overlay-color":"","overlay-opacity":"","overlay-gradient":""},"mobile":{"background-color":"","background-image":"","background-repeat":"repeat","background-position":"center center","background-size":"auto","background-attachment":"scroll","background-type":"","background-media":"","overlay-type":"","overlay-color":"","overlay-opacity":"","overlay-gradient":""}},"ast-content-background-meta":{"desktop":{"background-color":"var(--ast-global-color-4)","background-image":"","background-repeat":"repeat","background-position":"center center","background-size":"auto","background-attachment":"scroll","background-type":"","background-media":"","overlay-type":"","overlay-color":"","overlay-opacity":"","overlay-gradient":""},"tablet":{"background-color":"var(--ast-global-color-4)","background-image":"","background-repeat":"repeat","background-position":"center center","background-size":"auto","background-attachment":"scroll","background-type":"","background-media":"","overlay-type":"","overlay-color":"","overlay-opacity":"","overlay-gradient":""},"mobile":{"background-color":"var(--ast-global-color-4)","background-image":"","background-repeat":"repeat","background-position":"center center","background-size":"auto","background-attachment":"scroll","background-type":"","background-media":"","overlay-type":"","overlay-color":"","overlay-opacity":"","overlay-gradient":""}},"footnotes":""},"class_list":["post-292","page","type-page","status-publish","hentry"],"_links":{"self":[{"href":"https:\/\/airspe.org\/index.php\/wp-json\/wp\/v2\/pages\/292","targetHints":{"allow":["GET"]}}],"collection":[{"href":"https:\/\/airspe.org\/index.php\/wp-json\/wp\/v2\/pages"}],"about":[{"href":"https:\/\/airspe.org\/index.php\/wp-json\/wp\/v2\/types\/page"}],"author":[{"embeddable":true,"href":"https:\/\/airspe.org\/index.php\/wp-json\/wp\/v2\/users\/1"}],"replies":[{"embeddable":true,"href":"https:\/\/airspe.org\/index.php\/wp-json\/wp\/v2\/comments?post=292"}],"version-history":[{"count":3,"href":"https:\/\/airspe.org\/index.php\/wp-json\/wp\/v2\/pages\/292\/revisions"}],"predecessor-version":[{"id":295,"href":"https:\/\/airspe.org\/index.php\/wp-json\/wp\/v2\/pages\/292\/revisions\/295"}],"up":[{"embeddable":true,"href":"https:\/\/airspe.org\/index.php\/wp-json\/wp\/v2\/pages\/84"}],"wp:attachment":[{"href":"https:\/\/airspe.org\/index.php\/wp-json\/wp\/v2\/media?parent=292"}],"curies":[{"name":"wp","href":"https:\/\/api.w.org\/{rel}","templated":true}]}}

Épistémologie et éthique

<p>n° 2021</p>



<p>Sous la direction de Cédric Prévot, en coopération avec Denis Morin &amp; Pierre-Johan Laffitte</p>



<p>ISBN : 978-2-343-25554-5</p>



<h2 class="wp-block-heading">Résumé</h2>



<p>Épistémologie et éthique, indissociables : principe consensuel dans le champ éducatif&#8230; tant qu&#8217;il ne dérange pas nos habitudes d&#8217;éducation, enseignement ou recherche. Cela explique que Fernand Oury, fondateur de la pédagogie institutionnelle, ait fustigé les « psychopompes », et mis au fondement de toute parole pédagogique : Ne rien dire que nous n&#8217;ayons fait. Simplement.<br>Mais rien n’est plus complexe que la simplicité. Et rien n’est plus simple que l&#8217;esquiver. Pour l&#8217;épistémologie, quel prix à payer pour son lien avec l&#8217;éthique ? Telle est la question de la valeur du savoir, de ses conditions d&#8217;émergence où pertinence, éthique et sens sont indissociables.<br>Champ des sciences humaines et de l&#8217;éducation et champ des « praxis pédagogiques » (F. Imbert) convoquant pédagogies Freinet et institutionnelle : quelles sont les conditions d&#8217;une rencontre égale entre ces deux pôles dessinant un champ diversement orienté (dimension éthique), pourtant structuré (dimension épistémique) et singulièrement investi (dimension d&#8217;hétérogénéité) ? Cet espace polarisé, nous l&#8217;avons disposé tel un spectre entre deux mondes, où chaque lecteur élira son point d&#8217;habitat propre.</p>



<h2 class="wp-block-heading">Sommaire</h2>



<p>Éditorial<br><font style="font-feature-settings: 'smcp'" font="" size="2">Jean-Claude Sallaberry, Pierre Johan Laffitte</font></p>



<p><em>Disposition au sens de ce numéro</em>. Sciences de l&#8217;éducation/praxis pédagogique : Entre deux polarités, un spectre hétérogène d&#8217;écritures<br><font style="font-feature-settings: 'smcp'" font="" size="2">Cédric Prévot, Denis Morin, Pierre Johan Laffitte</font></p>



<p><em>A ces présences sur fond d’absence</em>. Dédicace et hommage</p>



<p style="line-height:1.5">Modèles bouddhiques de la conscience<br><font style="font-feature-settings: 'smcp'" font="" size="2">Philippe Lestage</font></p>



<p style="border-style:none;border-width:0px;line-height:1.5">De l&#8217;épistémologie à l&#8217;éthique. Sous le signe de l&#8217;interaction<br><font style="font-feature-settings: 'smcp'" font="" size="2">Jean-Claude Sallaberry</font></p>



<p style="border-style:none;border-width:0px;line-height:1.5">Recherches interdisciplinaires et conséquences épistémologiques et éthiques<br><font style="font-feature-settings: 'smcp'" font="" size="2">Christophe Niewiadomski, Thomas Vannienwenhove</font></p>



<p>La démarche socio-ethnographique, ou : interroger le sens, l&#8217;éthique et la pertinence du travail de recherche<br><font style="font-feature-settings: 'smcp'" font="" size="2">Véronique Bordes</font></p>



<p>Note de lecture &#8211; <em>S&#8217;engager dans la recherche en sciences humaines et sociales,</em> par A. Mutuale et G. Berger<br><font style="font-feature-settings: 'smcp'" font="" size="2">Jean-Claude Sallaberyy</font></p>



<p>À l&#8217;heure de l&#8217;anthropocène, quels nouveaux enjeux pour la formation ?<br><font style="font-feature-settings: 'smcp'" font="" size="2">Denis Bignalet-Cazalet</font></p>



<p>Éthique transdisciplinaire et éducation à l&#8217;environnement : une réponse aux défis de l&#8217;anthropocène<br><font style="font-feature-settings: 'smcp'" font="" size="2">Samuel Lopes Pinheiro, Florent Pasquier</font></p>



<p>Contribution de la recherche biographique aux enjeux éducatifs de l&#8217;anthropocène. Une recherche-action collaborative en structure de raccrochage scolaire<br><font style="font-feature-settings: 'smcp'" font="" size="2">Valérie Melin</font></p>



<p>Entre <em>cure</em> et <em>care</em>. Des effets du kairos sur la recherche dans les métiers de l&#8217;humain, pour les infirmières de l&#8217;Éducation nationale et de l&#8217;enseignement du supérieur<br><font style="font-feature-settings: 'smcp'" font="" size="2">Jean-Marc Paragot</font></p>



<p>Intelligence collective et mouvement de contre-transposition<br><font style="font-feature-settings: 'smcp'" font="" size="2">Muriel Frisch</font></p>



<p>Les Chercheurs collectifs coopératifs. Une praxis de recherche en auto-formation enseignante<br><font style="font-feature-settings: 'smcp'" font="" size="2">Olivier Francomme</font></p>



<p>De la représentation environnementale à la transformation des pratiques. Recherche-action en co-formation à Sumapaz, en Colombie<br><font style="font-feature-settings: 'smcp'" font="" size="2">Adriana Parra Carrasquilla</font></p>



<p>Ressources pédagogiques en langues amérindiennes. De la restitution à la re-création numérique<br><font style="font-feature-settings: 'smcp'" font="" size="2">Karla Janiré Avilés Gonzàles, Jean-léo Léonard</font></p>



<p>Faire recherche pour ouvrir des possibles. Embarras, dispositif, explicitation<br><font style="font-feature-settings: 'smcp'" font="" size="2">Pascal Nicolas-Le Strat</font></p>



<p>Formation du citoyen et formation des enseignants. Un écho, une lecture<br><font style="font-feature-settings: 'smcp'" font="" size="2">Jean-Claude Sallaberry</font><br>(Contre-point et excursus avec Pierre Johan Laffitte)</p>



<p>La pédagogie institutionnelle à la confluence des terrains<br><font style="font-feature-settings: 'smcp'" font="" size="2">Richard Lopez</font></p>



<p>Pour une épistémologie des fragilités<br><font style="font-feature-settings: 'smcp'" font="" size="2">Cédric Prévot, Pierre Johan Laffitte, Denis Morin</font></p>



<p>De quoi parlons-nous ?<br><font style="font-feature-settings: 'smcp'" font="" size="2">Maurice Marteau et Genèse de la coopérative</font></p>



<p>Le classeur du visiteur. Une entrée et un outil en pratique Freinet<br><font style="font-feature-settings: 'smcp'" font="" size="2">Céline Bouhours</font></p>



<p>Pédagogie Freinet et suppléance. L&#8217;aménagement de l&#8217;espace en question<br><font style="font-feature-settings: 'smcp'" font="" size="2">Clothilde Jouzeau</font></p>



<p>Le Quoi de neuf. Accueillir l&#8217;enfant par-delà l&#8217;élève<br><font style="font-feature-settings: 'smcp'" font="" size="2">Brigitte Vicario</font></p>



<p>La table d&#8217;exposition. Une porte d&#8217;entée dans la classe coopérative<br><font style="font-feature-settings: 'smcp'" font="" size="2">Isabelle Robin</font></p>



<p>Des crises&#8230; à la parole<br><font style="font-feature-settings: 'smcp'" font="" size="2">Marguerite Bialas</font></p>



<p>Christophe : de la jungle à la loi<br><font style="font-feature-settings: 'smcp'" font="" size="2">Jean-CLaude Colson</font></p>



<p>Une journée dans un « chamPIgnon » de pédagogie institutionnelle. Décider et élaborer note pédagogie en groupe<br><font style="font-feature-settings: 'smcp'" font="" size="2">Francine Pujol</font></p>



<p>Les sarcasmes de Fernand Oury. Un héritage d&#8217;instituteur<br><font style="font-feature-settings: 'smcp'" font="" size="2">René Laffitte</font></p>



<p>Une utopie nécessaire<br><font style="font-feature-settings: 'smcp'" font="" size="2">Fernand Oury</font></p>



<p><em>Post-scriptum utopien, ou avant-propos praxique</em></p>



<div class="wp-block-buttons is-layout-flex wp-block-buttons-is-layout-flex">
<div class="wp-block-button"><a class="wp-block-button__link wp-element-button">Acheter le numéro</a></div>



<div class="wp-block-button"><a class="wp-block-button__link wp-element-button">Lire sur Cairn</a></div>
</div>

<p>n° 2021 Sous la direction de Cédric Prévot, en coopération avec Denis Morin &amp; Pierre-Johan Laffitte ISBN : 978-2-343-25554-5 Résumé Épistémologie et éthique, indissociables : principe consensuel dans le champ éducatif&#8230; tant qu&#8217;il ne dérange pas nos habitudes d&#8217;éducation, enseignement ou recherche. Cela explique que Fernand Oury, fondateur de la pédagogie institutionnelle, ait fustigé les [&hellip;]</p>
