{"id":24,"date":"2025-02-26T11:11:30","date_gmt":"2025-02-26T10:11:30","guid":{"rendered":"https:\/\/airspe.org\/?page_id=24"},"modified":"2025-06-21T11:36:01","modified_gmt":"2025-06-21T09:36:01","slug":"histoire-de-lassociation","status":"publish","type":"page","link":"https:\/\/airspe.org\/index.php\/lassociation\/histoire-de-lassociation\/","title":{"rendered":"Histoire de l&#8217;association"},"content":{"rendered":"\n<h2 class=\"wp-block-heading\"><strong>De l\u2019AIPELF \u00e0 L\u2019AFIRSE<\/strong><\/h2>\n\n\n\n<p><strong>AFIRSE <\/strong>Statuts enregistr\u00e9s \u00e0 la Pr\u00e9fecture des Hauts de Seine le 17 juillet 1990 sous le num\u00e9ro 968213<\/p>\n\n\n\n<p>Article 0 du r\u00e8glement int\u00e9rieur&nbsp;: L\u2019association internationale de p\u00e9dagogie exp\u00e9rimentale de langue fran\u00e7aise (AIPELF), constitu\u00e9e le lundi 3 Mars 1969, \u00e0 Strasbourg, entre les personnes adh\u00e9rents aux statuts \u00e9labor\u00e9s \u00e0 l\u2019\u00e9poque, s\u2019est donn\u00e9e de nouveaux statuts, ratifi\u00e9s \u00e0 l\u2019unanimit\u00e9, par l\u2019assembl\u00e9e g\u00e9n\u00e9rale tenue \u00e0 Alen\u00e7on le 26 Mai 1990, \u00e0 l\u2019occasion du colloque international francophone, et se d\u00e9nomme d\u00e9sormais Association Francophone Internationale de Recherche Scientifique en \u00c9ducation (AFIRSE).<\/p>\n\n\n\n<h2 class=\"wp-block-heading\"><strong>Objectifs de l\u2019AFIRSE<\/strong><\/h2>\n\n\n\n<p>L\u2019A.F.I.R.S.E. a pour but le d\u00e9veloppement en langue fran\u00e7aise de la recherche scientifique en \u00e9ducation, la diffusion internationale et l\u2019utilisation de cette recherche en vue d\u2019am\u00e9liorer les conditions de l\u2019\u00e9ducation ainsi que l\u2019ensemble des activit\u00e9s et pratiques \u00e9ducatives.<\/p>\n\n\n\n<p>Pour atteindre ces buts l\u2019A.F.I.R.S.E. s\u2019applique notamment :<br>1) \u00e0 contribuer \u00e0 la production des connaissances, \u00e0 la diffusion et \u00e0 l\u2019utilisation des apports de la recherche en \u00e9ducation. Dans ce domaine elle s\u2019efforcera d\u2019apporter, apr\u00e8s n\u00e9gociations, une aide technique aux \u00e9ducateurs, aux communaut\u00e9s, aux institutions scolaires et aux gouvernements qui en feront la demande pour la mise en application des r\u00e9sultats de la recherche en \u00e9ducation.<\/p>\n\n\n\n<p>2) \u00e0 promouvoir le progr\u00e8s des techniques et la constitution du mat\u00e9riel propre \u00e0 accro\u00eetre la rigueur des d\u00e9marches des chercheurs et la mani\u00e8re la plus efficace de pr\u00e9senter leurs r\u00e9sultats.<\/p>\n\n\n\n<p>3) \u00e0 \u00e9tablir des contacts entre les chercheurs et les autres partenaires de l\u2019\u00e9ducation, \u00e0 favoriser entre eux les \u00e9changes sous toutes leurs formes de publication, d\u2019informations et de documents.<\/p>\n\n\n\n<p>4) \u00e0 susciter une coordination des recherches ainsi que la cr\u00e9ation d\u2019\u00e9quipes internationales de chercheurs autour de th\u00e8mes communs et susceptibles de faire l\u2019objet de communications lors des r\u00e9unions scientifiques.<\/p>\n\n\n\n<p>5) \u00e0 promouvoir une r\u00e9flexion permanente sur l\u2019\u00e9volution des champs \u00e9ducatifs et sur celles des d\u00e9marches scientifiques.<\/p>\n\n\n\n<p>6) \u00e0 contribuer \u00e0 la formation mutuelle de ses membres.<\/p>\n\n\n\n<p>7) \u00e0 r\u00e9unir p\u00e9riodiquement des colloques r\u00e9serv\u00e9s aux membres de l\u2019Association et d\u2019autres types de r\u00e9unions ouvertes \u00e0 un plus vaste public.<\/p>\n\n\n\n<h2 class=\"wp-block-heading\"><strong>L\u2019AFIRSE section fran\u00e7aise<\/strong><\/h2>\n\n\n\n<p>En 1999 Jacques Ardoino et Guy Berger demandent \u00e0 Jean-Claude Sallaberry de fonder une association qui soit la section fran\u00e7aise de l\u2019AFIRSE. C\u2019est chose faite un an plus tard&nbsp;: avec des statuts analogues, mais en tant qu\u2019association loi 1901 \u00e0 part enti\u00e8re, l\u2019AFIRSE section fran\u00e7aise (alin\u00e9a 1028 du JO du 15 janvier 2000) est fond\u00e9e.<\/p>\n\n\n\n<p>De 2001 \u00e0 2022 elle organise 6 colloques internationaux, (voir fiche colloques) et de nombreux s\u00e9minaires ou symposiums.<\/p>\n\n\n\n<h2 class=\"wp-block-heading\"><strong>L\u2019AIRSP\u00c9<\/strong><\/h2>\n\n\n\n<p>Le 26 novembre 2022, lors d\u2019une AG extraordinaire, l\u2019AFIRSE section fran\u00e7aise d\u00e9cide de s\u2019appeler AIRSP\u00c9&nbsp;(Association Internationale pour la Recherche Scientifique et Praxique en \u00c9ducation). Ce choix de faire r\u00e9f\u00e9rence, outre \u00e0 la science, \u00e0 la praxis, s\u2019inscrit pleinement dans la tradition de l\u2019AFIRSE, qui a centr\u00e9 son congr\u00e8s (Universit\u00e9 de Provence, 1994) sur la \u00ab&nbsp;Recherche scientifique et prax\u00e9ologique dans le champ des pratiques \u00e9ducatives&nbsp;\u00bb.<\/p>\n","protected":false},"excerpt":{"rendered":"<p>De l\u2019AIPELF \u00e0 L\u2019AFIRSE AFIRSE Statuts enregistr\u00e9s \u00e0 la Pr\u00e9fecture des Hauts de Seine le 17 juillet 1990 sous le num\u00e9ro 968213 Article 0 du r\u00e8glement int\u00e9rieur&nbsp;: L\u2019association internationale de p\u00e9dagogie exp\u00e9rimentale de langue fran\u00e7aise (AIPELF), constitu\u00e9e le lundi 3 Mars 1969, \u00e0 Strasbourg, entre les personnes adh\u00e9rents aux statuts \u00e9labor\u00e9s \u00e0 l\u2019\u00e9poque, s\u2019est donn\u00e9e [&hellip;]<\/p>\n","protected":false},"author":1,"featured_media":0,"parent":137,"menu_order":0,"comment_status":"closed","ping_status":"closed","template":"","meta":{"site-sidebar-layout":"default","site-content-layout":"","ast-site-content-layout":"default","site-content-style":"default","site-sidebar-style":"default","ast-global-header-display":"","ast-banner-title-visibility":"","ast-main-header-display":"","ast-hfb-above-header-display":"","ast-hfb-below-header-display":"","ast-hfb-mobile-header-display":"","site-post-title":"","ast-breadcrumbs-content":"","ast-featured-img":"","footer-sml-layout":"","ast-disable-related-posts":"","theme-transparent-header-meta":"","adv-header-id-meta":"","stick-header-meta":"","header-above-stick-meta":"","header-main-stick-meta":"","header-below-stick-meta":"","astra-migrate-meta-layouts":"default","ast-page-background-enabled":"default","ast-page-background-meta":{"desktop":{"background-color":"var(--ast-global-color-5)","background-image":"","background-repeat":"repeat","background-position":"center center","background-size":"auto","background-attachment":"scroll","background-type":"","background-media":"","overlay-type":"","overlay-color":"","overlay-opacity":"","overlay-gradient":""},"tablet":{"background-color":"","background-image":"","background-repeat":"repeat","background-position":"center center","background-size":"auto","background-attachment":"scroll","background-type":"","background-media":"","overlay-type":"","overlay-color":"","overlay-opacity":"","overlay-gradient":""},"mobile":{"background-color":"","background-image":"","background-repeat":"repeat","background-position":"center center","background-size":"auto","background-attachment":"scroll","background-type":"","background-media":"","overlay-type":"","overlay-color":"","overlay-opacity":"","overlay-gradient":""}},"ast-content-background-meta":{"desktop":{"background-color":"var(--ast-global-color-4)","background-image":"","background-repeat":"repeat","background-position":"center center","background-size":"auto","background-attachment":"scroll","background-type":"","background-media":"","overlay-type":"","overlay-color":"","overlay-opacity":"","overlay-gradient":""},"tablet":{"background-color":"var(--ast-global-color-4)","background-image":"","background-repeat":"repeat","background-position":"center center","background-size":"auto","background-attachment":"scroll","background-type":"","background-media":"","overlay-type":"","overlay-color":"","overlay-opacity":"","overlay-gradient":""},"mobile":{"background-color":"var(--ast-global-color-4)","background-image":"","background-repeat":"repeat","background-position":"center center","background-size":"auto","background-attachment":"scroll","background-type":"","background-media":"","overlay-type":"","overlay-color":"","overlay-opacity":"","overlay-gradient":""}},"footnotes":""},"class_list":["post-24","page","type-page","status-publish","hentry"],"_links":{"self":[{"href":"https:\/\/airspe.org\/index.php\/wp-json\/wp\/v2\/pages\/24","targetHints":{"allow":["GET"]}}],"collection":[{"href":"https:\/\/airspe.org\/index.php\/wp-json\/wp\/v2\/pages"}],"about":[{"href":"https:\/\/airspe.org\/index.php\/wp-json\/wp\/v2\/types\/page"}],"author":[{"embeddable":true,"href":"https:\/\/airspe.org\/index.php\/wp-json\/wp\/v2\/users\/1"}],"replies":[{"embeddable":true,"href":"https:\/\/airspe.org\/index.php\/wp-json\/wp\/v2\/comments?post=24"}],"version-history":[{"count":3,"href":"https:\/\/airspe.org\/index.php\/wp-json\/wp\/v2\/pages\/24\/revisions"}],"predecessor-version":[{"id":316,"href":"https:\/\/airspe.org\/index.php\/wp-json\/wp\/v2\/pages\/24\/revisions\/316"}],"up":[{"embeddable":true,"href":"https:\/\/airspe.org\/index.php\/wp-json\/wp\/v2\/pages\/137"}],"wp:attachment":[{"href":"https:\/\/airspe.org\/index.php\/wp-json\/wp\/v2\/media?parent=24"}],"curies":[{"name":"wp","href":"https:\/\/api.w.org\/{rel}","templated":true}]}}