{"id":180,"date":"2025-03-27T18:18:29","date_gmt":"2025-03-27T17:18:29","guid":{"rendered":"https:\/\/airspe.org\/?page_id=180"},"modified":"2025-04-11T18:13:35","modified_gmt":"2025-04-11T16:13:35","slug":"complexite-et-anthropocene","status":"publish","type":"page","link":"https:\/\/airspe.org\/index.php\/la-revue\/numeros-parus\/complexite-et-anthropocene\/","title":{"rendered":"Complexit\u00e9 et anthropoc\u00e8ne"},"content":{"rendered":"\n<p>n\u00b0 2022<\/p>\n\n\n\n<p>Sous la direction de Jean-Claude Sallaberry<\/p>\n\n\n\n<p>ISBN : 978-2-14-030357-7<\/p>\n\n\n\n<h2 class=\"wp-block-heading\">R\u00e9sum\u00e9<\/h2>\n\n\n\n<p>L&#8217;anthropoc\u00e8ne est complexe : le climat de la plan\u00e8te d\u00e9pend du flux d&#8217;\u00e9nergie solaire, mais aussi de \u00ab processus d&#8217;origine interne \u00bb, fonctionnant en boucles \u00e0 r\u00e9troaction positive ; surtout, l&#8217;anthropoc\u00e8ne, comme tout &#8220;ph\u00e9nom\u00e8ne&#8221; soci\u00e9tal, est structur\u00e9 sur une boucle autopoi\u00e9tique \u00e9trange, \u00ab qui se produit d&#8217;elle-m\u00eame \u00bb et articule le niveau logique collectif.<br>Vouloir lutter contre le r\u00e9chauffement climatique sans prendre en compte la complexit\u00e9, c&#8217;est courir le risque des <em>ultrasolutions <\/em>\u2013 \u00ab des solutions qui se d\u00e9barrassent du probl\u00e8me, mais aussi de tout le reste \u00bb. Watzlawick les caract\u00e9rise aussi par l&#8217;<em>hubris<\/em> (la d\u00e9mesure) ; la sagesse (la <em>dik\u00e8<\/em>) consiste \u00e0 assumer son statut d&#8217;humain, de mortel, de morceau de la nature, au lieu de la piller et de la d\u00e9truire.<br>Cinq articles entrent par le th\u00e8me &#8216;complexit\u00e9 et anthropoc\u00e8ne&#8217; : caract\u00e9risation et possibilit\u00e9 de d\u00e9finition de la complexit\u00e9 ; \u00e9mergence de l&#8217;id\u00e9e d&#8217;anthropoc\u00e8ne ; &#8216;comment penser autrement&#8217;? Une contribution pointe aussi les urgences les plus vives. Puis cinq \u00ab paysages \u00bb esquissent les probl\u00e8mes qui s&#8217;y vivent et les initiatives qui \u00e9mergent. Enfin, une table ronde ouvre des \u00e9changes fructueux \u00ab autour de la complexit\u00e9 et de l&#8217;anthropoc\u00e8ne \u00bb. <\/p>\n\n\n\n<h2 class=\"wp-block-heading\">Sommaire<\/h2>\n\n\n\n<p>\u00c9ditorial<br><font style=\"font-feature-settings: 'smcp'\" font=\"\" size=\"2\">Pierre Johan Laffitte, Jean-Claude Sallaberry<\/font><\/p>\n\n\n\n<p style=\"line-height:1.5\">Pr\u00e9sentation du dossier 1<br><font style=\"font-feature-settings: 'smcp'\" font=\"\" size=\"2\">Jean-Claude Sallaberry<\/font><\/p>\n\n\n\n<p style=\"border-style:none;border-width:0px;line-height:1.5\">Complexit\u00e9 : apports de la th\u00e9orie de l&#8217;institution et des boucles autopoi\u00e9tiques \u00e9tranges<br><font style=\"font-feature-settings: 'smcp'\" font=\"\" size=\"2\">Jean-Claude Sallaberry<\/font><\/p>\n\n\n\n<p style=\"border-style:none;border-width:0px;line-height:1.5\">De la complexit\u00e9 de l&#8217;anthropoc\u00e8ne \u2013 Approches syst\u00e9miques et transdisciplinaires<br><font style=\"font-feature-settings: 'smcp'\" font=\"\" size=\"2\">Florent Pasquier, Fran\u00e7ois Prouteau, Nathana\u00ebl Wallenhorst<\/font><\/p>\n\n\n\n<p>Il est urgent de mettre la complexit\u00e9 au c\u0153ur de nos quotidiens<br><font style=\"font-feature-settings: 'smcp'\" font=\"\" size=\"2\">Denis Bignalet-Cazalet<\/font><\/p>\n\n\n\n<p>S&#8217;\u00e9duquer en Anthropoc\u00e8ne : faire l&#8217;\u00e9preuve de la complexit\u00e9 entre terriens mortels<br><font style=\"font-feature-settings: 'smcp'\" font=\"\" size=\"2\">Olivier Gaudin<\/font><\/p>\n\n\n\n<p>Anthropoc\u00e8ne et changement global \u2013 r\u00e9flexions transdisciplinaires sur les cultures r\u00e9g\u00e9n\u00e9ratrices<br><font style=\"font-feature-settings: 'smcp'\" font=\"\" size=\"2\">Javier Collado Ruano, Florent Pasquier<\/font><\/p>\n\n\n\n<p>Pr\u00e9sentation du dossier 2<br><font style=\"font-feature-settings: 'smcp'\" font=\"\" size=\"2\">Servane Boursier<\/font><\/p>\n\n\n\n<p><a style=\"text-decoration: none;\" href=\"https:\/\/airspe.org\/index.php\/la-revue\/numeros-parus\/complexite-et-anthropocene\/ecole-vivante-principes-et-pistes-daction-pour-une-education-soutenable\/\" data-type=\"page\" data-id=\"231\">\u00c9cole vivante : principes et pistes d&#8217;action pour une \u00e9ducation soutenable<\/a><br><font style=\"font-feature-settings: 'smcp'\" font=\"\" size=\"2\"><a style=\"text-decoration: none;\" href=\"https:\/\/airspe.org\/index.php\/la-revue\/auteurs\/servane-boursier\/\" data-type=\"page\" data-id=\"243\">Servane Boursier<\/a><\/font><\/p>\n\n\n\n<p>L&#8217;empreinte de l&#8217;informel dans le processus de subjectivation de l&#8217;\u00e9ducateur<br><font style=\"font-feature-settings: 'smcp'\" font=\"\" size=\"2\">Marie Eschmann<\/font><\/p>\n\n\n\n<p>La co\u00e9ducation en maternelle, une pratique inclusive ? \u2013 Vers une red\u00e9finition de la co\u00e9ducation<br><font style=\"font-feature-settings: 'smcp'\" font=\"\" size=\"2\">Clothilde Jouzeau Kraeutler, C\u00e9dric Pr\u00e9vot<\/font><\/p>\n\n\n\n<p>L&#8217;anthropoc\u00e8ne et la psychiatrie<br><font style=\"font-feature-settings: 'smcp'\" font=\"\" size=\"2\">Danielle Pougnet<\/font><\/p>\n\n\n\n<p>&#8220;La r\u00e9sonance&#8221;, une relation d&#8217;aide \u00e9ducative \u00e0 l&#8217;\u00e8re de l&#8217;anthropoc\u00e8ne, le cas d&#8217;une pratique de masseur-kin\u00e9sith\u00e9rapeute-r\u00e9\u00e9ducateur<br><font style=\"font-feature-settings: 'smcp'\" font=\"\" size=\"2\">Sylvie Barbier, Bruno Blancheton<\/font><\/p>\n\n\n\n<p>Table ronde : &#8220;Autour de la complexit\u00e9 et de l&#8217;anthropoc\u00e8ne&#8221;<\/p>\n\n\n\n<p>Niveaux d&#8217;apprentissage et complexit\u00e9<br><font style=\"font-feature-settings: 'smcp'\" font=\"\" size=\"2\">Jean-Claude Sallaberry<\/font><\/p>\n\n\n\n<p>Complexit\u00e9s de l&#8217;anthropoc\u00e8ne et \u00e9pist\u00e9mologies de la relation<br><font style=\"font-feature-settings: 'smcp'\" font=\"\" size=\"2\">Fr\u00e9d\u00e9rique Lerbet-S\u00e9r\u00e9ni<\/font><\/p>\n\n\n\n<p>Complexit\u00e9 &amp; culture du biohacking<br><font style=\"font-feature-settings: 'smcp'\" font=\"\" size=\"2\">Pascal Jollivet<\/font><\/p>\n\n\n\n<p>Linguistique, dialectologie et th\u00e9orie math\u00e9matique de la complexit\u00e9<br><font style=\"font-feature-settings: 'smcp'\" font=\"\" size=\"2\">Jean-L\u00e9o L\u00e9onard<\/font><\/p>\n\n\n\n<p>Quelques rep\u00e9rages \u00e0 travers la pratique d&#8217;accompagnement d&#8217;\u00e9l\u00e8ves en situation de handicap (ESH) par le &#8220;ma\u00eetre autre&#8221; : l&#8217;\u00e9l\u00e8ve &#8220;dys&#8221; comme agent de lucidit\u00e9 dysfonctionnel en contexte d&#8217;anthropoc\u00e8ne<br><font style=\"font-feature-settings: 'smcp'\" font=\"\" size=\"2\">Richard Tom\u00e9<\/font><\/p>\n\n\n\n<div class=\"wp-block-buttons is-layout-flex wp-block-buttons-is-layout-flex\">\n<div class=\"wp-block-button\"><a class=\"wp-block-button__link wp-element-button\">Acheter le num\u00e9ro<\/a><\/div>\n\n\n\n<div class=\"wp-block-button\"><a class=\"wp-block-button__link wp-element-button\">Lire sur Cairn<\/a><\/div>\n<\/div>\n","protected":false},"excerpt":{"rendered":"<p>n\u00b0 2022 Sous la direction de Jean-Claude Sallaberry ISBN : 978-2-14-030357-7 R\u00e9sum\u00e9 L&#8217;anthropoc\u00e8ne est complexe : le climat de la plan\u00e8te d\u00e9pend du flux d&#8217;\u00e9nergie solaire, mais aussi de \u00ab processus d&#8217;origine interne \u00bb, fonctionnant en boucles \u00e0 r\u00e9troaction positive ; surtout, l&#8217;anthropoc\u00e8ne, comme tout &#8220;ph\u00e9nom\u00e8ne&#8221; soci\u00e9tal, est structur\u00e9 sur une boucle autopoi\u00e9tique \u00e9trange, \u00ab [&hellip;]<\/p>\n","protected":false},"author":1,"featured_media":0,"parent":84,"menu_order":0,"comment_status":"closed","ping_status":"closed","template":"","meta":{"site-sidebar-layout":"default","site-content-layout":"","ast-site-content-layout":"default","site-content-style":"default","site-sidebar-style":"default","ast-global-header-display":"","ast-banner-title-visibility":"","ast-main-header-display":"","ast-hfb-above-header-display":"","ast-hfb-below-header-display":"","ast-hfb-mobile-header-display":"","site-post-title":"","ast-breadcrumbs-content":"","ast-featured-img":"","footer-sml-layout":"","ast-disable-related-posts":"","theme-transparent-header-meta":"","adv-header-id-meta":"","stick-header-meta":"","header-above-stick-meta":"","header-main-stick-meta":"","header-below-stick-meta":"","astra-migrate-meta-layouts":"default","ast-page-background-enabled":"default","ast-page-background-meta":{"desktop":{"background-color":"var(--ast-global-color-5)","background-image":"","background-repeat":"repeat","background-position":"center center","background-size":"auto","background-attachment":"scroll","background-type":"","background-media":"","overlay-type":"","overlay-color":"","overlay-opacity":"","overlay-gradient":""},"tablet":{"background-color":"","background-image":"","background-repeat":"repeat","background-position":"center center","background-size":"auto","background-attachment":"scroll","background-type":"","background-media":"","overlay-type":"","overlay-color":"","overlay-opacity":"","overlay-gradient":""},"mobile":{"background-color":"","background-image":"","background-repeat":"repeat","background-position":"center center","background-size":"auto","background-attachment":"scroll","background-type":"","background-media":"","overlay-type":"","overlay-color":"","overlay-opacity":"","overlay-gradient":""}},"ast-content-background-meta":{"desktop":{"background-color":"var(--ast-global-color-4)","background-image":"","background-repeat":"repeat","background-position":"center center","background-size":"auto","background-attachment":"scroll","background-type":"","background-media":"","overlay-type":"","overlay-color":"","overlay-opacity":"","overlay-gradient":""},"tablet":{"background-color":"var(--ast-global-color-4)","background-image":"","background-repeat":"repeat","background-position":"center center","background-size":"auto","background-attachment":"scroll","background-type":"","background-media":"","overlay-type":"","overlay-color":"","overlay-opacity":"","overlay-gradient":""},"mobile":{"background-color":"var(--ast-global-color-4)","background-image":"","background-repeat":"repeat","background-position":"center center","background-size":"auto","background-attachment":"scroll","background-type":"","background-media":"","overlay-type":"","overlay-color":"","overlay-opacity":"","overlay-gradient":""}},"footnotes":""},"class_list":["post-180","page","type-page","status-publish","hentry"],"_links":{"self":[{"href":"https:\/\/airspe.org\/index.php\/wp-json\/wp\/v2\/pages\/180","targetHints":{"allow":["GET"]}}],"collection":[{"href":"https:\/\/airspe.org\/index.php\/wp-json\/wp\/v2\/pages"}],"about":[{"href":"https:\/\/airspe.org\/index.php\/wp-json\/wp\/v2\/types\/page"}],"author":[{"embeddable":true,"href":"https:\/\/airspe.org\/index.php\/wp-json\/wp\/v2\/users\/1"}],"replies":[{"embeddable":true,"href":"https:\/\/airspe.org\/index.php\/wp-json\/wp\/v2\/comments?post=180"}],"version-history":[{"count":24,"href":"https:\/\/airspe.org\/index.php\/wp-json\/wp\/v2\/pages\/180\/revisions"}],"predecessor-version":[{"id":290,"href":"https:\/\/airspe.org\/index.php\/wp-json\/wp\/v2\/pages\/180\/revisions\/290"}],"up":[{"embeddable":true,"href":"https:\/\/airspe.org\/index.php\/wp-json\/wp\/v2\/pages\/84"}],"wp:attachment":[{"href":"https:\/\/airspe.org\/index.php\/wp-json\/wp\/v2\/media?parent=180"}],"curies":[{"name":"wp","href":"https:\/\/api.w.org\/{rel}","templated":true}]}}

Complexité et anthropocène

<p>n° 2022</p>



<p>Sous la direction de Jean-Claude Sallaberry</p>



<p>ISBN : 978-2-14-030357-7</p>



<h2 class="wp-block-heading">Résumé</h2>



<p>L&#8217;anthropocène est complexe : le climat de la planète dépend du flux d&#8217;énergie solaire, mais aussi de « processus d&#8217;origine interne », fonctionnant en boucles à rétroaction positive ; surtout, l&#8217;anthropocène, comme tout &#8220;phénomène&#8221; sociétal, est structuré sur une boucle autopoiétique étrange, « qui se produit d&#8217;elle-même » et articule le niveau logique collectif.<br>Vouloir lutter contre le réchauffement climatique sans prendre en compte la complexité, c&#8217;est courir le risque des <em>ultrasolutions </em>– « des solutions qui se débarrassent du problème, mais aussi de tout le reste ». Watzlawick les caractérise aussi par l&#8217;<em>hubris</em> (la démesure) ; la sagesse (la <em>dikè</em>) consiste à assumer son statut d&#8217;humain, de mortel, de morceau de la nature, au lieu de la piller et de la détruire.<br>Cinq articles entrent par le thème &#8216;complexité et anthropocène&#8217; : caractérisation et possibilité de définition de la complexité ; émergence de l&#8217;idée d&#8217;anthropocène ; &#8216;comment penser autrement&#8217;? Une contribution pointe aussi les urgences les plus vives. Puis cinq « paysages » esquissent les problèmes qui s&#8217;y vivent et les initiatives qui émergent. Enfin, une table ronde ouvre des échanges fructueux « autour de la complexité et de l&#8217;anthropocène ». </p>



<h2 class="wp-block-heading">Sommaire</h2>



<p>Éditorial<br><font style="font-feature-settings: 'smcp'" font="" size="2">Pierre Johan Laffitte, Jean-Claude Sallaberry</font></p>



<p style="line-height:1.5">Présentation du dossier 1<br><font style="font-feature-settings: 'smcp'" font="" size="2">Jean-Claude Sallaberry</font></p>



<p style="border-style:none;border-width:0px;line-height:1.5">Complexité : apports de la théorie de l&#8217;institution et des boucles autopoiétiques étranges<br><font style="font-feature-settings: 'smcp'" font="" size="2">Jean-Claude Sallaberry</font></p>



<p style="border-style:none;border-width:0px;line-height:1.5">De la complexité de l&#8217;anthropocène – Approches systémiques et transdisciplinaires<br><font style="font-feature-settings: 'smcp'" font="" size="2">Florent Pasquier, François Prouteau, Nathanaël Wallenhorst</font></p>



<p>Il est urgent de mettre la complexité au cœur de nos quotidiens<br><font style="font-feature-settings: 'smcp'" font="" size="2">Denis Bignalet-Cazalet</font></p>



<p>S&#8217;éduquer en Anthropocène : faire l&#8217;épreuve de la complexité entre terriens mortels<br><font style="font-feature-settings: 'smcp'" font="" size="2">Olivier Gaudin</font></p>



<p>Anthropocène et changement global – réflexions transdisciplinaires sur les cultures régénératrices<br><font style="font-feature-settings: 'smcp'" font="" size="2">Javier Collado Ruano, Florent Pasquier</font></p>



<p>Présentation du dossier 2<br><font style="font-feature-settings: 'smcp'" font="" size="2">Servane Boursier</font></p>



<p><a style="text-decoration: none;" href="https://airspe.org/index.php/la-revue/numeros-parus/complexite-et-anthropocene/ecole-vivante-principes-et-pistes-daction-pour-une-education-soutenable/" data-type="page" data-id="231">École vivante : principes et pistes d&#8217;action pour une éducation soutenable</a><br><font style="font-feature-settings: 'smcp'" font="" size="2"><a style="text-decoration: none;" href="https://airspe.org/index.php/la-revue/auteurs/servane-boursier/" data-type="page" data-id="243">Servane Boursier</a></font></p>



<p>L&#8217;empreinte de l&#8217;informel dans le processus de subjectivation de l&#8217;éducateur<br><font style="font-feature-settings: 'smcp'" font="" size="2">Marie Eschmann</font></p>



<p>La coéducation en maternelle, une pratique inclusive ? – Vers une redéfinition de la coéducation<br><font style="font-feature-settings: 'smcp'" font="" size="2">Clothilde Jouzeau Kraeutler, Cédric Prévot</font></p>



<p>L&#8217;anthropocène et la psychiatrie<br><font style="font-feature-settings: 'smcp'" font="" size="2">Danielle Pougnet</font></p>



<p>&#8220;La résonance&#8221;, une relation d&#8217;aide éducative à l&#8217;ère de l&#8217;anthropocène, le cas d&#8217;une pratique de masseur-kinésithérapeute-rééducateur<br><font style="font-feature-settings: 'smcp'" font="" size="2">Sylvie Barbier, Bruno Blancheton</font></p>



<p>Table ronde : &#8220;Autour de la complexité et de l&#8217;anthropocène&#8221;</p>



<p>Niveaux d&#8217;apprentissage et complexité<br><font style="font-feature-settings: 'smcp'" font="" size="2">Jean-Claude Sallaberry</font></p>



<p>Complexités de l&#8217;anthropocène et épistémologies de la relation<br><font style="font-feature-settings: 'smcp'" font="" size="2">Frédérique Lerbet-Séréni</font></p>



<p>Complexité &amp; culture du biohacking<br><font style="font-feature-settings: 'smcp'" font="" size="2">Pascal Jollivet</font></p>



<p>Linguistique, dialectologie et théorie mathématique de la complexité<br><font style="font-feature-settings: 'smcp'" font="" size="2">Jean-Léo Léonard</font></p>



<p>Quelques repérages à travers la pratique d&#8217;accompagnement d&#8217;élèves en situation de handicap (ESH) par le &#8220;maître autre&#8221; : l&#8217;élève &#8220;dys&#8221; comme agent de lucidité dysfonctionnel en contexte d&#8217;anthropocène<br><font style="font-feature-settings: 'smcp'" font="" size="2">Richard Tomé</font></p>



<div class="wp-block-buttons is-layout-flex wp-block-buttons-is-layout-flex">
<div class="wp-block-button"><a class="wp-block-button__link wp-element-button">Acheter le numéro</a></div>



<div class="wp-block-button"><a class="wp-block-button__link wp-element-button">Lire sur Cairn</a></div>
</div>

<p>n° 2022 Sous la direction de Jean-Claude Sallaberry ISBN : 978-2-14-030357-7 Résumé L&#8217;anthropocène est complexe : le climat de la planète dépend du flux d&#8217;énergie solaire, mais aussi de « processus d&#8217;origine interne », fonctionnant en boucles à rétroaction positive ; surtout, l&#8217;anthropocène, comme tout &#8220;phénomène&#8221; sociétal, est structuré sur une boucle autopoiétique étrange, « [&hellip;]</p>
